{"id":11338,"date":"2025-01-07T08:12:53","date_gmt":"2025-01-07T07:12:53","guid":{"rendered":"https:\/\/konference-projektovani.cz\/?page_id=11338"},"modified":"2025-01-07T08:14:32","modified_gmt":"2025-01-07T07:14:32","slug":"misto-konani","status":"publish","type":"page","link":"https:\/\/konference-projektovani.cz\/?page_id=11338","title":{"rendered":"M\u00edsto kon\u00e1n\u00ed"},"content":{"rendered":"<p>Konference se kon\u00e1 v hotelu Duo v m\u011bstsk\u00e9 \u010d\u00e1sti Praha 9. Hotel je snadno dostupn\u00fd. Nach\u00e1z\u00ed se jen p\u00e1r krok\u016f od stanice metra St\u0159\u00ed\u017ekov (trasa C). Z\u00e1rove\u0148 je v bl\u00edzkosti m\u011bstsk\u00e9ho okruhu a nab\u00edz\u00ed prostorn\u00e9 soukrom\u00e9 parkovi\u0161t\u011b s kapacitou 150 aut.<\/p>\n<p>Adresa:<br \/>\nTeplick\u00e1 492\/19<br \/>\n190 00 Praha 9<\/p>\n<p><a href=\"https:\/\/www.hotelduo.cz\/\">https:\/\/www.hotelduo.cz\/<\/a><\/p>\n","protected":false},"excerpt":{"rendered":"<p>Konference se kon\u00e1 v hotelu Duo v m\u011bstsk\u00e9 \u010d\u00e1sti Praha 9. Hotel je snadno dostupn\u00fd. Nach\u00e1z\u00ed se jen p\u00e1r krok\u016f od stanice metra St\u0159\u00ed\u017ekov (trasa C). Z\u00e1rove\u0148 je v bl\u00edzkosti m\u011bstsk\u00e9ho okruhu a nab\u00edz\u00ed prostorn\u00e9 soukrom\u00e9 parkovi\u0161t\u011b s kapacitou 150 aut. Adresa: Teplick\u00e1 492\/19 190 00 Praha 9 https:\/\/www.hotelduo.cz\/<\/p>\n","protected":false},"author":2,"featured_media":0,"parent":0,"menu_order":0,"comment_status":"closed","ping_status":"closed","template":"","meta":{"_acf_changed":false,"footnotes":""},"class_list":["post-11338","page","type-page","status-publish","hentry"],"acf":[],"_links":{"self":[{"href":"https:\/\/konference-projektovani.cz\/index.php?rest_route=\/wp\/v2\/pages\/11338","targetHints":{"allow":["GET"]}}],"collection":[{"href":"https:\/\/konference-projektovani.cz\/index.php?rest_route=\/wp\/v2\/pages"}],"about":[{"href":"https:\/\/konference-projektovani.cz\/index.php?rest_route=\/wp\/v2\/types\/page"}],"author":[{"embeddable":true,"href":"https:\/\/konference-projektovani.cz\/index.php?rest_route=\/wp\/v2\/users\/2"}],"replies":[{"embeddable":true,"href":"https:\/\/konference-projektovani.cz\/index.php?rest_route=%2Fwp%2Fv2%2Fcomments&post=11338"}],"version-history":[{"count":2,"href":"https:\/\/konference-projektovani.cz\/index.php?rest_route=\/wp\/v2\/pages\/11338\/revisions"}],"predecessor-version":[{"id":11342,"href":"https:\/\/konference-projektovani.cz\/index.php?rest_route=\/wp\/v2\/pages\/11338\/revisions\/11342"}],"wp:attachment":[{"href":"https:\/\/konference-projektovani.cz\/index.php?rest_route=%2Fwp%2Fv2%2Fmedia&parent=11338"}],"curies":[{"name":"wp","href":"https:\/\/api.w.org\/{rel}","templated":true}]}}